15, what is -17ea + 106?
-16e4
In base 9, what is 10 + -50812?
-50802
In base 3, what is -12102222202 - 1001?
-12110000210
In base 15, what is -396 + 45c?
b6
In base 10, what is 4 - -19293?
19297
In base 16, what is 1 - 127bcc?
-127bcb
In base 9, what is 836 + 785?
1732
In base 11, what is -4 + 92a21?
92a18
In base 12, what is -17866b - -4?
-178667
In base 7, what is 140164002 - -1?
140164003
In base 14, what is 37c - 24a?
132
In base 8, what is -357373 - -4?
-357367
In base 5, what is -100 - -3110013?
3104413
In base 5, what is -4123 - 112111?
-121234
In base 8, what is -13 - 62501?
-62514
In base 3, what is 1 - -102221212?
102221220
In base 16, what is -14724 - 1?
-14725
In base 14, what is 4 - 645a?
-6456
In base 13, what is -6385a - -b?
-6384c
In base 6, what is 123 + 1302?
1425
In base 11, what is -a04 - -10?
-9a4
In base 16, what is fa + -a9?
51
In base 9, what is 28316 + -10?
28306
In base 7, what is 5 - -504500?
504505
In base 15, what is 1 + 4c6d?
4c6e
In base 2, what is 110101000110 - 10111001111?
11101110111
In base 8, what is -56222 + -1?
-56223
In base 14, what is -20846 - -3?
-20843
In base 11, what is -3329 + 22?
-3307
In base 12, what is 32606 - 6?
32600
In base 16, what is 5 - -b86?
b8b
In base 4, what is 110 + -10020133?
-10020023
In base 11, what is 7755 - -4?
7759
In base 8, what is -11 - 41042?
-41053
In base 9, what is 4244 - 165?
4068
In base 12, what is 1b3 - -132b?
1522
In base 9, what is 5626 - 467?
5148
In base 3, what is -121102112210212 - -2?
-121102112210210
In base 12, what is 23 - 1237?
-1214
In base 12, what is -3 + -2a8241?
-2a8244
In base 16, what is -62db + 5?
-62d6
In base 16, what is 1c8 + 1?
1c9
In base 9, what is -5 - -16573?
16567
In base 12, what is -aa081 + -2?
-aa083
In base 12, what is 1b032 + -1?
1b031
In base 10, what is 1146731 - -5?
1146736
In base 14, what is -31610 + 0?
-31610
In base 14, what is -80d1a - 10?
-80d2a
In base 4, what is 1111213 + -2112?
1103101
In base 12, what is -825 - 26b?
-a94
In base 7, what is -2456506 - 5?
-2456514
In base 7, what is -256 - 1104?
-1363
In base 15, what is -20 - 7a1?
-7c1
In base 6, what is -22220 + -12?
-22232
In base 8, what is -4 + -54503?
-54507
In base 3, what is -2 + 1200112222?
1200112220
In base 5, what is 43431 + 23?
44004
In base 13, what is 5032 - -21?
5053
In base 14, what is -12 + -23835?
-23847
In base 3, what is 1 + 12221022220?
12221022221
In base 12, what is -73 - -21b?
168
In base 16, what is -809a - 5?
-809f
In base 9, what is -4 - 172145?
-172150
In base 16, what is 325 - 23?
302
In base 11, what is 68 + 3880?
3938
In base 4, what is 3 - -1111231?
1111300
In base 12, what is -1 + 11153?
11152
In base 10, what is -772 + -73?
-845
In base 10, what is 250 + 2422?
2672
In base 4, what is -10 - -10101301?
10101231
In base 11, what is -407a6 - 4?
-407aa
In base 7, what is 61030 - -2?
61032
In base 2, what is 111000000111 + 100010?
111000101001
In base 10, what is -14250 + -3?
-14253
In base 11, what is 1a + 513?
532
In base 3, what is -201121 + -12222?
-221120
In base 14, what is 5 + -3946c?
-39467
In base 10, what is 2 - 318292?
-318290
In base 14, what is -26 - 291?
-2b7
In base 10, what is 824 + -3623?
-2799
In base 2, what is 101 + -1110001111101000?
-1110001111100011
In base 7, what is 10 - -3416625?
3416635
In base 9, what is -437 - 176?
-624
In base 7, what is 4 - -611453?
611460
In base 3, what is -100010211 + -10?
-100010221
In base 8, what is 7 - -12437?
12446
In base 6, what is -15225 + -3?
-15232
In base 5, what is -12 - -10314?
10302
In base 4, what is 113013 - 1010?
112003
In base 4, what is -121320 + 103?
-121211
In base 14, what is 10d - -61?
170
In base 16, what is 7 - 28e55?
-28e4e
In base 8, what is 0 + -1265?
-1265
In base 9, what is 107451 - -20?
107471
In base 5, what is 32 + 2443?
3030
In base 9, what is 128782 - 1?
128781
In base 10, what is 1244 - -93?
1337
In base 14, what is 1a + 2029?
2045
In base 3, what is 1 - 2200101012?
-2200101011
In base 8, what is 21 + -12612?
-12571
In base 11, what is 35522 - 5?
35518
In base 4, what is -10013131 + -3122?
-10022313
In base 12, what is 94 - -784?
858
In base 10, what is -3 - -14848?
14845
In base 12, what is 256b8 + -1?
256b7
In base 13, what is 4b70 + -52?
4b1b
In base 15, what is 2e - 1c1?
-192
In base 5, what is -20 - -221041?
221021
In base 15, what is 5 - 22d1?
-22cb
In base 3, what is -10 + 1112000211101?
1112000211021
In base 16, what is -4 + -3a4c?
-3a50
In base 3, what is 22202112 + -21?
22202021
In base 11, what is -37 - -13?
-24
In base 16, what is 3 - -4407?
440a
In base 6, what is -53230015 - 5?
-53230024
In base 10, what is 6 - 209006?
-209000
In base 5, what is -1333402 + 10?
-1333342
In base 12, what is -1038 + -978?
-19b4
In base 2, what is 110010010 + 11101?
110101111
In base 11, what is -18 - -2403?
2396
In base 10, what is 10 + 200307?
200317
In base 15, what is -2c6c + -66?
-2cd3
In base 16, what is -2f5 - -228?
-cd
In base 2, what is 10011010101100101011 - 10?
10011010101100101001
In base 2, what is -1 + -1001011111011011111?
-1001011111011100000
In base 10, what is -27261 - -4?
-27257
In base 10, what is 1958 - 697?
1261
In base 15, what is -543 + 2c?
-516
In base 14, what is 3300 + -1d5?
3109
In base 7, what is 431 + -455?
-24
In base 14, what is c - 404b?
-403d
In base 13, what is cc1b + -1?
cc1a
In base 16, what is 28f - -15?
2a4
In base 14, what is 3226 + 46?
326c
In base 5, what is 3 + -42104031?
-42104023
In base 10, what is -1 - -204025?
204024
In base 4, what is -122 - 1031033?
-1031221
In base 4, what is -1223200 - -2033?
-1221101
In base 8, what is -2014754 + -4?
-2014760
In base 9, what is -486486 + -5?
-486502
In base 8, what is -1112335 + -13?
-1112350
In base 4, what is 2323000 + 11?
2323011
In base 4, what is 2 - -103030132?
103030200
In base 11, what is 8369 - -3?
8371
In base 16, what is 2 + 4230?
4232
In base 15, what is -4e7 + -31?
-528
In base 7, what is -10 - 1561?
-1601
In base 3, what is -202022120 - -222?
-202021121
In base 10, what is -1064 + -166?
-1230
In base 5, what is 1241 + 4?
1300
In base 4, what is 2132200233 + 0?
2132200233
In base 13, what is -12721 + 3c?
-126b2
In base 10, what is 7 + 7820?
7827
In base 5, what is 2203 - -221?
2424
In base 15, what is -25 + -271d?
-2743
In base 3, what is 112102002 - -100?
112102102
In base 14, what is 5 + 2d9a9?
2d9b0
In base 16, what is -4 + e40?
e3c
In base 4, what is -323 - 10320310?
-10321233
In base 10, what is -150168 + 3?
-150165
In base 13, what is -425712 - -1?
-425711
In base 5, what is 4 + -340030?
-340021
In base 9, what is -3 + -2610?
-2613
In base 12, what is 1118 - 1a7?
b31
In base 3, what is -1 - 211100222?
-211101000
In base 11, what is -10a49 + -2?
-10a50
In base 12, what is -1 + -2039a?
-2039b
In base 8, what is 1520 + -31?
1467
In base 3, what is 11002202 + -211?
11001221
In base 6, what is 4450 + 44?
4534
In base 13, what is -107 + -1377?
-1481
In base 16, what is 37f - -141?
4c0
In base 5, what is -133122 - -301?
-132321
In base 14, what is -106 + 29c?
196
In base 5, what is -24 + 30300?
30221
In base 14, what is -60 - -536?
4b6
In base 5, what is -4131 - 143?
-4324
In base 6, what is 4 + 121142?
121150
In base 14, what is 5db645 - 4?
5db641
In base 15, what is -459e + 69?
-4535
In base 5, what is -2400122 - 203?
-2400330
In base 13, what is 3aa635 - 0?
3aa635
In base 15, what is -21679 + a?
-2166e
In base 11, what is 331 - 15?
317
In base 10, what is -1121 + 3?
-1118
In base 2, what is 101100 - 110001001?
-101011101
In base 3, what is 21221 - 11011?
10210
In base 8, what is -640523 - -3?
-640520
In base 9, what is 2 + -240184?
-240182
In base 7, what is 6131046 - -6?
6131055
In base 3, what is -101102210122 - 1?
-101102210200
In base 8, what is -23 - -3754?
3731
In base 10, what is 5 + 70288?
70293
In base 9, what is 153 - -35350?
35513
In base 11, what is 1 + 1048541?
1048542
In base 15, what is 1c3e + -3b?
1c03
In base 12, what is 238b + -292?
20b9
In base 3, what is -2121 - 2112011022?
-2112020220
In base 4, what is -121210331 + -3?
-121211000
In base 4, what is -11 + -1311101120?
-1311101131
In base 5, what is -4 + -224120?
-224124
In base 9, what is 2 + -156854?
-156852
In base 9, what is 6 + 4883?
5000
In base 13, what is -1 - 157a4?
-157a5
In base